2 + 306*p + 311. Give h(2).
-9
Let u(q) = 27*q**3 - 7*q**2 - 18*q - 22. Calculate u(-3).
-760
Let l(s) = s**3 - 19*s**2 + 2229*s - 19189. What is l(9)?
62
Let n(m) = 2*m**2 + 25*m + 721. Give n(19).
1918
Let n(l) = l**2 + 71601*l - 2578884. What is n(36)?
48
Let d(k) = 13*k**3 - 36*k**2 - 372*k + 1094. Calculate d(3).
5
Let k(o) = 7855*o - 98246. Give k(13).
3869
Let o(w) = 1792*w - 21220. Calculate o(12).
284
Let p(a) = -107*a**2 - 488*a + 5799. Calculate p(-10).
-21
Let i(u) = -u**3 + 70*u**2 - 3674*u + 248753. Give i(69).
8
Let n(a) = 386*a - 142714. Give n(370).
106
Let n(z) = -91*z - 3205. What is n(-40)?
435
Let k(w) = -w**2 - 968*w - 226539. Give k(-396).
-27
Let l(i) = i**3 + 160*i**2 - 216*i - 8741. Give l(-161).
114
Let d(z) = -3387*z + 4968713. Determine d(1467).
-16
Let f(u) = -275*u**3 - 144*u**2 + 769*u - 2. Determine f(-2).
84
Let r(l) = 10*l**3 - 138*l**2 + 3*l + 68. Determine r(14).
502
Let k(a) = 10*a**3 + 217*a**2 - 47*a + 425. Determine k(-22).
7
Let g(i) = -7*i**2 - 1022*i + 23. Determine g(-146).
23
Let z(v) = 4*v**2 - 177*v - 39172. Determine z(121).
-2025
Let j(p) = -1440*p**3 + 88*p + 87. Give j(-1).
1439
Let k(s) = -12*s**2 + 1159*s - 12652. Calculate k(11).
-1355
Let n(u) = 38*u**2 - 131*u - 776. Calculate n(-6).
1378
Let t(v) = -662*v - 36350. Determine t(-55).
60
Let q(v) = -11*v**3 + 90*v**2 + 137*v - 455. Calculate q(9).
49
Let y(q) = q**2 - 539*q - 77903. Calculate y(-117).
-1151
Let d(w) = 400*w**2 + 19181*w - 66. Determine d(-48).
846
Let m(o) = 39*o**2 - 1887*o - 1125. What is m(49)?
51
Let o(k) = -k**3 - 43*k**2 - 208*k + 96. Calculate o(-39).
2124
Let o(n) = n**2 + 66847*n + 3940511. What is o(-59)?
19
Let d(v) = -3098*v + 223021. Calculate d(72).
-35
Let t(m) = -3*m**2 - 121*m - 1202. Calculate t(-22).
8
Let z(q) = -2529*q + 520989. Determine z(206).
15
Let a(g) = g**3 + 37*g**2 - 301*g - 8681. Calculate a(-39).
16
Let w(h) = 14*h**2 - 544*h + 541. Determine w(1).
11
Let q(a) = a**3 + 33*a**2 + 810*a + 8259. Calculate q(-15).
159
Let s(j) = 8*j**2 + 243*j + 4. Calculate s(-32).
420
Let h(b) = -16511*b + 216512. Calculate h(13).
1869
Let t(c) = -20*c**2 - 2251*c + 2254. Calculate t(1).
-17
Let p(o) = o**3 + 19*o**2 - 2*o - 38. Determine p(-19).
0
Let c(x) = -2*x**2 + 445*x - 9610. Give c(198).
92
Let d(c) = -c**2 - 353*c + 35141. What is d(81)?
-13
Let a(i) = -709*i - 2742. What is a(-4)?
94
Let x(f) = 2155*f - 6282. Determine x(3).
183
Let y(g) = g**3 + 74*g**2 + 814*g + 554. Calculate y(-61).
-727
Let p(a) = -2789*a - 239868. What is p(-86)?
-14
Let r(p) = -3*p**2 + 601*p + 27741. Give r(239).
17
Let u(h) = -h**3 + 22*h**2 + 7*h + 84. Determine u(-11).
4000
Let w(o) = 3*o**2 + 566*o + 4989. Give w(-174).
-2667
Let g(m) = m**3 + 57*m**2 - 96*m - 7863. Calculate g(-56).
649
Let y(l) = l**2 + 4446528*l + 26679135. Give y(-6).
3
Let m(o) = o**3 + 176*o**2 - 3546*o - 651180. Calculate m(-175).
-5
Let x(j) = -1111*j - 28733. Give x(-26).
153
Let x(u) = -u**2 - 308*u + 30528. Determine x(-389).
-981
Let v(j) = -j**3 + 30*j**2 + 260*j + 162. What is v(37)?
199
Let q(g) = g**3 + 587*g**2 + 7437*g - 14325. Give q(-574).
25
Let a(m) = 610*m**2 + 10987*m + 34. What is a(-18)?
-92
Let d(l) = 22939*l - 275262. Determine d(12).
6
Let b(h) = 1015*h + 45679. Determine b(-45).
4
Let k(j) = -8*j**3 + 642*j**2 - 181*j + 1738. Calculate k(80).
58
Let p(d) = -d**3 + 22*d**2 - 475*d - 9229. Determine p(-11).
-11
Let v(a) = -a**2 + 26756*a - 881874. Determine v(33).
-15
Let n(h) = -h**3 - 35*h**2 - 39*h - 281. Calculate n(-35).
1084
Let u(t) = 4976*t - 39814. Determine u(8).
-6
Let u(p) = -119*p**2 - 981*p - 981. Give u(-1).
-119
Let w(k) = 337*k - 425. What is w(2)?
249
Let l(t) = t**3 + 6*t**2 + 19*t + 103. Give l(-6).
-11
Let g(u) = 13*u**3 + 870*u**2 - 66*u + 62. What is g(-67)?
-5
Let s(d) = -46*d**3 - 22*d**2 + 9*d + 47. Give s(-2).
309
Let a(n) = 22*n**2 + 331*n - 2110. Determine a(-20).
70
Let k(x) = -x**3 + 28*x**2 - 89*x + 182. Calculate k(25).
-168
Let n(m) = 4*m**3 + 113*m**2 - 87*m + 61. What is n(-30)?
-3629
Let n(s) = s**3 - 255*s**2 + 14269*s + 601. Determine n(83).
20
Let v(y) = -y**3 + 130*y**2 + 1069*y + 434941. Calculate v(155).
11
Let y(g) = -283848*g + 851536. Calculate y(3).
-8
Let z(f) = -f**3 + 23*f**2 + 108*f + 49. Give z(13).
3143
Let k(y) = -15*y**2 + 262*y + 204. What is k(19)?
-233
Let c(z) = -2574*z + 157404. Calculate c(60).
2964
Let j(i) = -i**3 + 3*i**2 + 81*i - 107. What is j(-7)?
-184
Let c(g) = -g**3 + 399*g - 9. Calculate c(-20).
11
Let l(f) = -7*f**3 - 60*f**2 - 77*f - 594. What is l(-10)?
1176
Let p(o) = o**2 - 1800*o + 12573. Give p(7).
22
Let y(q) = 349*q - 45068. Give y(129).
-47
Let i(l) = -2*l**2 + 19331*l + 212878. Calculate i(-11).
-5
Let v(g) = -2*g**2 - 306*g + 3623. Determine v(11).
15
Let w(u) = -u**3 - 46*u**2 + 1414*u - 116. Calculate w(21).
31
Let i(g) = -227*g - 3408. Calculate i(-33).
4083
Let w(m) = -m**3 - 8*m**2 - 2572*m - 23058. Calculate w(-9).
171
Let c(i) = -2*i**3 - 207*i**2 - 119*i - 165. What is c(-103)?
1483
Let m(a) = 2*a**3 + 117*a**2 - 20*a + 2353. What is m(-59)?
52
Let c(p) = -p**3 + 98*p**2 - 1298*p - 9823. What is c(23)?
-2
Let m(w) = 643*w + 2488. Determine m(-3).
559
Let o(z) = -z**3 - 7*z**2 - 1164*z - 8180. Calculate o(-7).
-32
Let o(r) = 13*r**2 + 3219*r - 1729. Give o(-248).
-489
Let j(q) = 393*q**2 - 31*q + 56. What is j(2)?
1566
Let j(k) = 31461*k + 409020. Calculate j(-13).
27
Let m(g) = -2*g**2 + 1113*g - 133503. Give m(175).
22
Let q(i) = -3*i**3 - 417*i**2 - 5577*i + 116. Determine q(-124).
-256
Let r(l) = -6*l**2 + 1291*l + 6384. Determine r(220).
4
Let q(s) = -2*s**2 - 271*s - 5853. Determine q(-108).
87
Let p(q) = -992*q**2 - 1929*q + 129. Calculate p(-2).
19
Let t(o) = 5*o**3 - 6*o**2 + 207*o - 769. Determine t(4).
283
Let v(a) = -2531*a + 65731. Determine v(26).
-75
Let l(h) = -8*h**3 - 2*h**2 + 178*h + 938. Calculate l(-6).
1526
Let v(j) = -846*j + 13575. Give v(16).
39
Let d(i) = 21951*i - 351222. Calculate d(16).
-6
Let x(t) = -3*t**2 + 2440*t + 91740. What is x(-36)?
12
Let o(l) = l**3 + 70*l**2 + 161*l + 37. Calculate o(-2).
-13
Let d(k) = -52*k**2 + 82*k + 6508. Give d(12).
4
Let h(c) = -31738*c + 63442. What is h(2)?
-34
Let y(q) = 6650*q + 645058. Calculate y(-97).
8
Let n(r) = -124*r**2 - 17247*r - 1521. What is n(-139)?
8
Let r(x) = x**2 + 1846*x - 877228. Give r(392).
68
Let a(c) = -1115*c - 5393. Calculate a(-6).
1297
Let a(s) = 432*s + 10121. Calculate a(-23).
185
Let u(l) = 28*l**3 - 4*l**2 - 116*l + 251. Calculate u(2).
227
Let s(w) = w**2 - 10328*w + 1586818. What is s(156)?
-14
Let v(w) = w**3 - 86*w**2 + 1513*w + 742. What is v(61)?
10
Let q(b) = 464*b + 7538. Determine q(-11).
2434
Let i(y) = -116*y**2 - 5814*y - 107. Give i(-50).
593
Let y(c) = -1109*c - 174109. Calculate y(-157).
4
Let s(p) = 27*p**3 + 3701*p**2 + 3704*p + 4. What is s(-1)?
-26
Let b(i) = -4*i**3 + 24*i**2 + 93*i - 444. Determine b(7).
11
Let t(x) = -3116*x - 87281. What is t(-28)?
-33
Let p(z) = 2*z**2 + 242*z + 5716. What is p(-33)?
-92
Let z(c) = 14*c**3 - 3*c**2 - 13*c - 16. Calculate z(5).
1594
Let s(y) = -21*y - 1703. What is s(-81)?
-2
Let v(x) = x**2 + 26*x - 6856. Calculate v(-109).
2191
Let d(n) = 314*n**2 + 171*n - 174. Give d(1).
311
Let t(k) = 15898*k + 397374. Give t(-25).
-76
Let c(m) = -m**3 - 21*m**2 + 1570*m + 34068. Give c(-22).
12
Let l(s) = s**3 + 22*s**2 + 2864*s + 69872. Determine l(-24).
-16
Let t(k) = -6284*k + 25146. Determine t(4).
10
Let j(a) = -155*a**3 - 478*a**2 - 49*a + 2. Calculate j(-3).
32
Let n(c) = 351*c**2 - 2460*c + 24. Give n(7).
3
Let z(b) = -3126*b - 1225392. What is z(-392)?
0
Let r(z) = -7*z**2 + 829*z - 11741. Give r(102).
-11
Let i(q) = q**3 - 34*q**2 - 804*q + 214. Calculate i(50).
14
Let z(p) = 2*p**2 + 25208*p - 302781. Give z(12).
3
Let c(i) = 149*i**3 - 723*i**2 - 106*i - 15. Determine c(5).
5
Let i(a) = a**3 - 36*a**2 - 56*a - 17. Calculate i(0).
-17
Let u(m) = 494*m**2 + 2979*m + 167. Give u(-6).
77
Let p(f) = -9370*f + 243778. What is p(26)?
158
Let d(v) = -v**3 - 13*v**2 - 25208*v - 226547. What is d(-9)?
1
Let l(s) = 7*s**3 - 97*s**2 + 82*s - 1369. What is l(14)?
-25
Let v(p) = -2068*p - 23282. What is v(-12)?
1534
Let u(r) = r**3 + 68*r**2 - 97*r - 2706. Calculate u(-69).
-774
Let b(m) = 844